ue of 5 + 0 + 46 + -51?
0
What is the value of (-3 - 2) + -2 + 5?
-2
Evaluate 4 - (8 + -2 + -5 - -3).
0
What is 11 + 0 + -7 + -7?
-3
Calculate -4 - ((-4 + 7 - 1) + -6).
0
Calculate 2 + -8 + 4 - (-13 + 14).
-3
What is (6 - 2) + -6 + -1 - -4?
1
What is -4 - (-4 + -6 + 5)?
1
What is 7 + -2 - (-7 + 2 + 13)?
-3
What is (13 - 25) + 15 - (-3 + -2)?
8
What is (5 - -1) + (74 - 81)?
-1
What is -7 + 16 + -7 - 2?
0
Evaluate (7 - 0 - 6) + -4.
-3
2 - (0 - (4 + -14) - 3)
-5
5 + (-7 - -3) + -10
-9
Calculate (-8 + 15 - 1) + -8.
-2
Calculate (21 - 8) + -7 + 4.
10
What is 1 - -2 - -2 - 9?
-4
Evaluate -6 + (5 - 4) + 1.
-4
What is 13 - (-7 + -8 + 28)?
0
Calculate 95 + -96 + (-4 - 1 - 0).
-6
What is (0 - -3) + (4 - 4) + -1?
2
Calculate -2 + 1 - (-3 + 6 + -6).
2
Evaluate 0 + (2 - -1 - (4 + 4)).
-5
What is the value of 2 - (-1 - (-5 - 2))?
-4
What is -5 + -1 + 0 - -1?
-5
-12 - (-12 + -5 + 11)
-6
What is the value of 4 - ((3 - (-1 - -3)) + 0)?
3
What is the value of 5 + (2 - 2) + -2?
3
5 - 3 - (28 + -26)
0
-5 - -4 - (0 - 0 - -2)
-3
What is -5 + (7 + -7 - -1) + 3?
-1
What is the value of 2 - (-6 - (-5 + 2))?
5
-23 + 7 - -1 - -9
-6
Evaluate (11 - (-2 + 19)) + 13.
7
What is -3 + -3 + 16 + -15?
-5
(-4 - (1 + -6)) + -1
0
Evaluate 3 - 0 - 1 - -2.
4
-6 + 3 + (4 - 5)
-4
10 + -11 - (1 - 2)
0
What is the value of -6 + (7 - (-10 - -4 - -9))?
-2
Evaluate 2 - (20 - 16 - (2 - 2)).
-2
Calculate 2 + -5 + -2 + 1.
-4
Calculate -3 - (0 + -3 + 1 - 1).
0
0 + -3 + -1 + 49 + -43
2
What is the value of 7 - ((-3 - -1 - -5) + 14)?
-10
Calculate 3 - (12 + 3) - -11.
-1
Calculate -5 + (-11 - -3) + (9 - -9).
5
What is 8 - (8 - (14 + -4 - 5))?
5
Calculate 5 + 4 - 6 - 5.
-2
Calculate (-4 + -5 - -6) + 5 + -3.
-1
What is the value of 0 + -2 + 0 + 3 + -3?
-2
2 + (6 - 4) + -3
1
What is the value of (-5 - -5) + (-6 - 1 - -1)?
-6
What is (-1 - (-4 - -1) - 4) + 0?
-2
Calculate (-5 - -2) + 10 - 7.
0
-4 + -8 + 4 + 1
-7
Evaluate 1 + -1 + (3 - -1) + -5.
-1
What is the value of -1 + -2 + -6 + 14?
5
What is 2 - (0 + 0) - (17 + -18)?
3
-3 + -2 + (15 + -3 - 5)
2
-2 + (-10 - (-3 - 3))
-6
2 - (7 - 0 - 7)
2
-7 - (-2 - -3) - -10
2
Evaluate 8 - (-8 + 19 + 3).
-6
Calculate 4 - 4 - ((-8 - -5) + 7).
-4
What is the value of (13 - 4) + -9 + -4?
-4
Calculate 1 - -3 - ((3 - -9) + -3).
-5
What is the value of 2 + 2 - (28 + -20)?
-4
2 + -4 + (5 - (7 + 0))
-4
What is the value of -29 + 38 + (-11 - 3)?
-5
What is (3 - -3) + 1 + -5?
2
What is -1 + (-3 - 0) + 16 + -12?
0
What is the value of 18 + -29 + 8 + 11?
8
What is 2 - 0 - (-6 + 5 - 2)?
5
What is (-1 - (-5 - -3)) + -5 + 8?
4
Calculate -1 + 3 + (-4 - -1 - -2).
1
What is -10 - (5 + -12 + 1)?
-4
Evaluate (-19 - (-1 - 8)) + 5.
-5
Calculate (15 + -8 - 17) + 6.
-4
What is the value of 4 + 1 + 3 + (2 - 7)?
3
What is 10 + -11 - (2 + 2)?
-5
Evaluate (-20 - -3) + 6 - -6.
-5
2 - (3 - 2) - (-3 - -3)
1
Evaluate -4 + 5 + (3 - 1).
3
Calculate (4 - 0) + (5 - (-2 + 18)).
-7
What is 24 + -23 + 0 + 3?
4
Evaluate 11 + -9 + -3 + -1.
-2
17 - 27 - (-3 - 3)
-4
Evaluate 5 - (2 + 6) - (-5 + 1).
1
1 + (3 + -5 - 0)
-1
-6 + (9 - (-3 + 3))
3
Evaluate 0 - (1 - 0) - -3 - 3.
-1
-1 + (3 + (0 - -4) - 1)
5
Calculate -3 - -12 - (6 + 0).
3
What is the value of -1 - 1 - (-2 + 0 + -2)?
2
What is the value of 14 + -11 + (7 - (2 - -2))?
6
What is the value of 7 - 0 - (0 + 4)?
3
What is 1 + -2 - (1 - 2 - -1)?
-1
What is the value of (2 + -4 - 4) + 9?
3
Calculate -2 + 4 + -7 + 2.
-3
What is the value of (2 - (-2 - (-7 + 0))) + -1?
-4
What is the value of (-7 - -9) + (2 - 2)?
2
What is 0 - (-2 - -1) - (-3 + 0)?
4
What is the value of -7 - (2 + (-8 - 0))?
-1
What is the value of -1 + -3 - (1 + 0)?
-5
What is 1 + 1 + -12 + (-322 - -326)?
-6
Evaluate 0 + 2 + (220 - 217).
5
Calculate (5 - -2 - (4 + 0)) + 2.
5
What is -3 + 9 + 3 + -9 + -6?
-6
Calculate 0 - 5 - (21 + -25).
-1
What is the value of -8 - -3 - ((-1 - 2) + 2)?
-4
What is the value of 6 + (-1 - 9 - (22 - 20))?
-6
What is the value of (143 - 153) + (0 - (-2 + 0))?
-8
Evaluate (11 + -25 - -3) + 10.
-1
Evaluate (-6 - 0 - -3) + -1 + 8.
4
What is 0 - -3 - ((-16 - -25) + -11)?
5
What is -12 - (1 + 4 + (-5 - 4))?
-8
Evaluate 3 - 3 - (3 - 0).
-3
-1 + (1 - (2 + -1))
-1
What is the value of -8 + 4 + 5 + -4?
-3
Evaluate 9 + (-17 - 8) - (1 + -9).
-8
-6 + 2 + 5 + -1
0
Calculate (3 + -3 - 3) + (6 - 5).
-2
1 + 3 - (-24 - -28)
0
Evaluate -6 - (1 + (-3 - 1) + 2).
-5
Calculate -4 + 0 + 13 + -7.
2
Evaluate -3 - -10 - (2 + 1 + 1).
3
Evaluate (2 - 9 - 1) + 4.
-4
What is the value of -1 + (0 - (-11 - -5))?
5
-6 + 5 - 1 - (-1 - 2)
1
Calculate -1 + 5 - (-3 + 6 + -1).
2
What is -2 + -11 + (17 - 11)?
-7
What is the value of 3 + -3 - 2 - (-3 - -3)?
-2
What is -20 + 25 - (0 - -5)?
0
Calculate 2 - -1 - (1 + (-11 - -8)).
5
What is the value of -1 + 9 + -11 - (1 - 0)?
-4
Evaluate -2 + (6 - 1 - 3).
0
What is -7 - -6 - (4 + 0)?
-5
What is the value of -9 - -4 - 0 - -9?
4
What is the value of (20 - 27) + 0 + 10?
3
What is the value of -2 + 12 - (4 + 1)?
5
Calculate (-2 - -2) + -3 + 3.
0
What is 6 + -5 + -6 - -5?
0
What is the value of -9 + (8 - (1 + -2))?
0
Evaluate 5 + 0 + 4 + -8 - 5.
-4
Calculate 3 + (-3 - -3) - 2.
1
What is 4 + 0 + -1 - 2?
1
-8 - (-5 + 0 - -2)
-5
What is the value of -4 + (-12 + 6 + 7 - 6)?
-9
Calculate 1 + (-6 - 2 - -4 - 2).
-5
Calculate -7 + 0 - -5 - -5.
3
Evaluate 4 - (-1 - (1 - 1)).
5
Evaluate (-41 - -45) + (-1 - -3).
6
What is 6 + 0 + -1 + -2?
3
(4 - 3) + 0 + -3
-2
Calculate -5 - (4 + -11 + 3).
-1
Evaluate 11 - 4 - (17 - 12).
2
What is the value of -3 - (-2 - (5 + -2 + -4))?
-2
-4 + 1 + (-5 - (2 - 5))
-5
1 - (-2 - (-4 - -1))
0
Evaluate 0 - (-2 + 3 - (-11 - -15)).
3
Calculate 1 + -5 + 1 + (7 - 1).
3
Evaluate 9 + -12 + -1 + 1 + -2.
-5
(1 - 1 - 10) + 10
0
(-8 - (-5 + 1)) + 3
-1
What is -3 + 4 + (-4 - 0)?
-3
(-9 - 0) + (-1 - (1 + -3))
-8
Calculate 6 + (7 - (13 + -3)).
3
Calculate (-1 - -5) + -4 - -4.
4
What is the value of (1 - (-5 + 1)) + -2 + 1?
4
Evaluate (7 + 4 - 8) + -8.
-5
Evaluate -2 + 7 + -1 + 7 + -8.
3
Calculate (2 - (7 + 1)) + 6.
0
Evaluate 0 + (-1 - 1 - (-9 - -7)).
0
What is -6 + 10 + (0 - 1)?
3
What is 2 + 6 + (6 - (-1 + 12))?
3
Calculate 6 + 2 + -5 - 7 - -7.
3
What is the value of (7 - 7 - 7) + -1 + 2?
-6
4 + -1 + -1 - 4
-2
-12 + -2 + (-15 - -11) + 8
-10
What is the value of -4 + 7 + -12 + 11?
2
Calculate 1 - (-4 - 0) - 1 - 2.
2
Calculate (3 - -1) + -5 + 2.
1
Calculate 1 + (-7 + 2 - -7).
3
What is -1 + (0 - -1) + -72 + 77?
5
11 + -7 + -6 - 3
-5
0 + -4 + 0 + -2 + 5
-1
Calculate -5 + 0 + 3 - (2 - 4).
0
What is 3 - (-11 + 5 - -5) - -1?
5
What is (-7 - -1) + (-12 - -19)?
1
What is the value of (3 - 10) + 0 + 11?
4
What is the value of (-1 - -1) + -144 + 140?
-4
What is the value of 2 + (2 - 7) - (-8 - -5)?
0
Evaluate -4 + -14 + 11 + (-1 - 0).
-8
What is the value of 2 + (5 - (4 - 0))?
3
Calculate 2 - (7 + 1) - -1.
-5
What is -2 - (6 + -11 - -5)?
-2
Evaluate 2 + -10 + 0 + 11.
3
What is the value of 23 + -15 - (1 + 9)?
-2
0 - (-10 + 1 + 4)
5
(2 - 1) + -4 + 4 - 6
-5
Evaluate (4 - 8 - -1) + -1 - -6.
2
Evaluate (3 - -5 - 0 - 6) + 9.
11
What is the value of (-29 - -32) + -1 + -3?
-1
What is -2 + -1 + 5 - 8?
-6
-1 - (-5 + 5 + -1)
0
What is (-5 - -19) + -13 + 7?
8
3 + (7 - (-1 + 7))
4
4 + (-1 - 0) + -8
-5
-1 + 1 + -4 + 4
0
Calculate -15 - (-10 + (6 - (-3 - -5))).
-9
Evaluate -4 + (-1 + -6 - -4) + -1.
-8
4 - (1 - (-5 + -3))
-5
-2 + 6 + -5 + (-2 - -1)
-2
What is 2 - (-4 - 4 - -3) - 1?
6
Calculate -4 + 1 - (-11 + 2) - 3.
3
Evaluate (-6 - 1) + 0 + -5 + 7.
-5
What is (19 - 19) + -3 + 1 - 4?
-6
(2 - -3) + -2 + -2 - -2
3
Calculate (-1 - 1) + -1 + (54 - 57).
-6
-5 - (-6 - (1 + (3 - 5)))
0
3 - ((11 - (0 + 0)) + -4)
-4
Evaluate 2 + -1 - (61 + -64).
4
What is the value of 24 - 23 - (-1 + 6)?
-4
What is the value of -12 + (-6 + 23 - -5)?
10
Evaluate -4 - (5 + (-6 - 2) + 5).
-6
9 - 1 - (-105 + 118)
-5
Evaluate (4 + -2 - 6) + 9.
5
What is the value of 3 - (-1 + 6 + -2)?
0
Calculate 0 + (2 - (6 + -4 + 4)).
-4
Calculate -3 - (-2 + 4 + (-13 - -3)).
5
Calculate (-1 - (0 + 2)) + 0 + -1.
-4
What is the value of -95 - -83 - (-12 + -2)?
2
What is 7 + -12 + 4 + 1 + 2?
2
What is the value of 3 + 1 + 2 + 3 + -4?
5
What is 4 - 0 - (12 + -10)?
2
Calculate -7 - (2 + (-2 - 7)).
0
-11 + 13 + 6 + (-7 - 0)
1
Calculate -1 - (-1 - (3 - 3)).
0
What is the value of -6 + 1 + (3 - -2)?
0
What is the value of 5